-6 - 0. Give l(x).
-5
Let d(f) = 0*f**3 + 3*f**3 - 3*f**2 - 3*f - 2*f**3. Let v(a) = -8*a - 4. Let o be v(-1). Calculate d(o).
4
Let h be (3*1)/(-14 - -13). Let w(a) be the third derivative of a**6/240 + a**5/60 - a**4/24 + 2*a**2. Let d(r) be the second derivative of w(r). What is d(h)?
-7
Let u(q) be the first derivative of q**4/4 + 7*q**3/3 - q**2 - 10*q - 3. Give u(-7).
4
Let i(n) = -n**2 - 2*n + 3. Let j be i(-4). Let c be 4 + 0 - (0 - -1). Let q(l) = c*l - 2*l + 6 + 2*l. Determine q(j).
-9
Let h(g) = 3*g + 0 + 6 - 2*g. Suppose -2*c - 4*m = 4, 0 = 2*m - m - 2. Calculate h(c).
0
Let n(a) = -a - 8. Let o(f) = f**3 - 4*f**2 - 4*f - 1. Let q be o(5). Suppose -q*u - u = 0. Let g(d) = d - 4. Let w be g(u). What is n(w)?
-4
Suppose 5*s + 10 = 2*i + 2*s, 4*s + 13 = 3*i. Let j be (-10)/((-6)/(-3)) + i. Let y(w) = -2*w - 3. Let d(v) = v + 1. Let m(h) = 5*d(h) + 2*y(h). Determine m(j).
-7
Let i(n) = -3*n**2 + 8*n + 1. Let a(r) = 2*r**2 - 7*r. Let b(j) = 4*a(j) + 3*i(j). Give b(-5).
-2
Suppose z = -2 - 5. Let h = z - -9. Let y(a) = 3*a**3 - a**2 - a. Let s(u) = -u**3 + u + 1. Let w(d) = 2*s(d) + y(d). What is w(h)?
8
Let b(y) = -5*y**3 + 6*y**2 - 3*y - 11. Let a(r) = -11*r**3 + 12*r**2 - 6*r - 23. Let p(o) = -4*a(o) + 9*b(o). Give p(5).
3
Let h(r) = r**3 - 6*r**2 - 7*r + 2. Let g be h(7). Let x(d) = -3 + 3*d + 5*d**2 + g + d**3 - d. Let m = -5 + 3. Determine x(m).
7
Let f(x) = -x - 2. Suppose 4*g = -g. Suppose b + g*b = 0. Calculate f(b).
-2
Suppose 97 = 4*o - 2*x + 3, o = x + 22. Suppose 0 = k + 4*k - o. Let l(h) = 2*h + 4*h - 4*h - 2. Give l(k).
8
Let o(s) = -s**3 + 4*s**2 - 1. Let z be (8 - 9)*2/2. Let q be (-2 + z)*1 + 6. Calculate o(q).
8
Let v(q) = -5*q**3 + 2*q - 1. Suppose -4*y + y = 0. Let n be (-1)/((-3)/(1 + -4)). Let i be (-1)/(y - n/(-1)). What is v(i)?
-4
Let z(b) be the third derivative of -b**6/120 - b**4/24 + b**3 + 7*b**2. Calculate z(0).
6
Let q(r) = r**3 - 6*r**2 - 3*r - 2. Let j be 7 + 0/(-3) + -1. What is q(j)?
-20
Let v(b) = -4*b - b - 1 + 3*b + 3*b**2 + b**3 - 3. Let n(l) = 2*l**2 + 6*l + 5 + l**3 - 1 - 10*l**2. Let z be n(7). Determine v(z).
2
Suppose 4*j = -r, 2*r - 7*r = -4*j. Let i be (r - 18)*(-4)/6. Suppose p - i = -3*p. Let q(o) = o**3 - 5*o**2 + 4*o - 2. Calculate q(p).
-8
Let k(f) = -6*f**3 - f**2 - f + 1. Let z(l) = l**3 + 2*l**2 - 3*l + 1. Let h be z(-3). Give k(h).
-7
Let r(v) = -v**2 + 31 - 60 + 26 - 7*v. Determine r(-5).
7
Suppose 4*c - 7*c = 3. Let d(j) = -5*j**3 + 1. Determine d(c).
6
Let h(d) = -d**3 - 3*d**2 + 6*d + 6. Let f(i) be the first derivative of i**3/3 - i**2/2 - i + 1. Let a(x) = -4*f(x) - h(x). Give a(3).
10
Let o(w) = -3*w - 6. Let r be o(-3). Let q(s) be the first derivative of 7/2*s**2 + 7/3*s**r + 1 + 1/4*s**4 + 0*s. Calculate q(-6).
-6
Let d(u) = -u**2 - 5*u + 5. Let k be d(-5). Let n(v) be the third derivative of 0*v - 1/24*v**4 - 1/6*v**3 + 0 + v**2. Give n(k).
-6
Let w(b) = b + 1. Let l = 37 + -26. Suppose 4*a = 3*j + l, -3 = 4*j + j + a. Calculate w(j).
0
Let v(a) = -3*a**2 + a + 3. Let y(u) be the first derivative of 2*u**3/3 - 2*u - 2. Let p(q) = 3*v(q) + 5*y(q). What is p(-2)?
-3
Let x(z) = -z - 1. Let f(q) = -q + 1. Let o(h) = 2*f(h) + 2*x(h). Let a be 2*((-3)/2)/(-1). Suppose -4*b = 2*v + a*v + 11, -5*v = 2*b + 13. Give o(b).
-4
Let n(f) = f**2 - 6*f + 5. Suppose -14 = -5*k + 3*k. Let h be 2 + -5 + 2/1. Let a = k + h. Calculate n(a).
5
Let o(k) = 2 - 4 - 4*k - 2*k. Let u be o(-1). Let x(n) = -n**2 + n + 2. What is x(u)?
-10
Let x be 60/(-18)*(-9)/5. Let r(t) = -t**2 + 8*t - 9. Determine r(x).
3
Let a = 17/3 + -337/60. Let b(z) be the second derivative of -5/12*z**4 + a*z**5 + 2*z - 3*z**2 + 0 + 7/6*z**3. Determine b(4).
6
Let a(p) = 2*p + 5. Suppose f = 9 + 1. Let h = 6 - f. What is a(h)?
-3
Let d = 2 - 8. Let q(a) = -5*a**2 + 7*a + 1. Let b(l) = -l**2. Suppose r + 3 = 4*r. Let h(s) = r*q(s) - 6*b(s). What is h(d)?
-5
Let u(v) = -2*v**2 - 2*v + 4. Let a(g) = 3*g**2 + 3*g - 3. Let n(h) = 3*a(h) + 4*u(h). Determine n(0).
7
Let v(o) be the first derivative of -o**3/3 + o**2/2 + 15. Suppose 5*j + 2*s + 4 = 0, -4*j - 6 = 3*s - 0. Give v(j).
0
Let l be (-5 - -1)*(-2)/(-4). Let r be -2*(l + (-1)/(-2)). Let s(g) = -1 - 2*g + 1 + 3 + 0. What is s(r)?
-3
Let g(x) = -x**3 + x**2. Let h(f) = -f**3 + 6*f**2 - f + 8. Let m be h(6). Let a be g(m). Let u be (0 - -2)*(-6)/a. Let k(w) = -w + 2. Determine k(u).
-1
Let v(r) = -3*r - 4. Let q = -50 + 47. Determine v(q).
5
Let b(h) = h**3 - 4*h**2 - 4*h + 4. Let l(s) = s**3 + s**2 + s + 2. Let n be l(0). Suppose n*m = -2*m + 20. Give b(m).
9
Let v(o) be the first derivative of o**4/4 - 7*o**3/3 + 3*o**2 - 2*o + 1. Determine v(5).
-22
Suppose 2*j + 2 = -2*n, 5 + 0 = -n. Let v(o) = -3*o - 6. Let s(k) = -k. Let r(c) = -6*s(c) + v(c). What is r(j)?
6
Let u(s) = -s**2. Suppose 2*y - 1 = 4*i - 15, 0 = i - 3*y + 4. Suppose -4 - 6 = i*v. What is u(v)?
-4
Let a(s) be the first derivative of s**2/2 + 2*s + 2. What is a(4)?
6
Let f(m) = -m - 2. Let d be (-3)/(-3)*(7 + -7). Give f(d).
-2
Let x(v) = -v**2 + v - 1. Let l(d) = -2*d**2 + 7*d - 2. Let c(y) = -l(y) + 3*x(y). Determine c(-5).
-6
Let s(u) = -u**2 - u. Let p(c) = c**3 + 3*c**2 + 4*c. Let l(k) = -p(k) - 6*s(k). Calculate l(4).
-8
Let x = 4 - 4. Let y(f) = -3 + 1 - 1 + f. Determine y(x).
-3
Let p(q) = -q**3 - 28*q + 58*q - 23*q + 5*q**2 - 4. Give p(6).
2
Let j(p) = -p**2 + 2*p - 1. Let s(h) = -h**2 - 6*h - 1. Let c be s(-6). Let o be c + (-3)/(-3) + 1. What is j(o)?
0
Let k(u) = -2*u**3 + 2*u**2 + u. Let a(c) = -4*c - 7. Let d be a(-3). Suppose -f - 5 = n, -4*f = d*n + 26 - 2. What is k(f)?
3
Let u(a) = a**2 + 0*a**2 + 5 - 7*a - 3 + 0. Determine u(5).
-8
Let p(m) be the first derivative of -m**4/24 - m**3/2 - 3*m**2/2 - 4. Let l(j) be the second derivative of p(j). Let g be 2/10 - 16/5. Determine l(g).
0
Let h = -4 + 6. Let z(r) = -2*r**3 + 2*r**3 + 202*r - 3*r**2 + 2*r**3 - 2 - 199*r. What is z(h)?
8
Let d = 4 + 0. Suppose -2*b + d = -0*b. Let p(w) be the first derivative of -w**3/3 + w**2/2 + w - 35. Give p(b).
-1
Let y(f) be the second derivative of f**5/20 + f**4/24 - f**2 + 2*f. Let j(k) be the first derivative of y(k). Calculate j(-2).
10
Suppose -4*n + 1 = 9. Let x be (-2)/(1/n*1). Let u(j) = -j**2 + 2*j - 1. Give u(x).
-9
Suppose -2*l = -4*l + 16. Let n(q) = l*q - 4*q + 4*q + 1. Determine n(-1).
-7
Let f(r) be the third derivative of r**5/60 + r**4/24 + 4*r**3/3 + 10*r**2. What is f(0)?
8
Let q = 6 - -2. Let v(a) = a**3 - 7*a**2 - 8*a - 3. Let s be v(q). Let d(t) = -4*t + 3. What is d(s)?
15
Let l(r) = 10 - 7 + r + r**2 + 1. Give l(-3).
10
Let b(a) = -3*a**2 - a. Suppose -3*r - 1 = -5*s + 3, 0 = -5*s + 2*r + 1. Determine b(s).
-2
Let c = 8 - 3. Let s(u) = 7 + c*u - 4 + 0*u. Let z = 1 - 3. Give s(z).
-7
Let u(c) be the second derivative of -c**5/60 + c**4/24 - c**3/2 + c**2/2 + 3*c. Let n(v) be the first derivative of u(v). Give n(3).
-9
Let q(x) = x**3 + x**2 - x - 1. Let n(i) = 9*i**3 + 6*i**2 - 7*i - 6. Let y(s) = n(s) - 6*q(s). Give y(1).
2
Let z be 2/5*(-35)/(-14). Let d(n) = 0 - n - 4*n - z. Give d(-1).
4
Let r be 3 + ((-2)/(-2))/1. Let m(p) = -p + 4. Give m(r).
0
Suppose 8 + 4 = 4*o. Let h(v) = -1 - 7*v + 4 - o - 1. Calculate h(-1).
6
Suppose w + 15 = -2*w. Let o(l) = 3*l + 5. Let c(t) = 3*t + 4. Let n(j) = w*o(j) + 6*c(j). What is n(-1)?
-4
Let g(j) = -j + 4. Suppose -y - 3 + 8 = 0. Calculate g(y).
-1
Let f(x) = x + 7. Suppose z + 2 = -0. Let i(k) = 3*k + 1. Let s be i(z). Let p be f(s). Let h(a) = 5*a - 2. Determine h(p).
8
Suppose -7*o = -4*o + 57. Let c = -16 - o. Let w(j) = j**2 - j + 1. Let h(z) = z**3 - 7*z**2 + 3*z - 2. Let x(g) = h(g) + 5*w(g). Calculate x(c).
6
Let p(c) be the third derivative of c**6/120 - 3*c**5/20 + 3*c**4/8 - c**3/3 + 5*c**2. Calculate p(8).
6
Let m = -101 - -102. Let g(k) = -2*k + 1. Determine g(m).
-1
Let w(t) = -4*t + 1. Suppose 0 = 5*y + 3*q - 54, -5*y - 5*q = -0*y - 60. Suppose -y*v - 2 = -10*v. Determine w(v).
-7
Let b be 9/(-2) + 2/(-4). Let d(j) be the third derivative of 1/6*j**4 + 0 + 1/60*j**5 + 1/3*j**3 - 4*j**2 + 0*j. Calculate d(b).
7
Let i(h) = h + 14. Let g be i(-8). Suppose 2*x - 1 = o + 8, -3*o + g = 5*x. Let k(d) = d**3 + 4*d**2 + 2*d + 4. What is k(o)?
7
Suppose -4*y + 0*y + 28 = 0. Let h(n) = 0*n + 9 - 2 - 3*n + 2 + 2*n. What is h(y)?
2
Let v